nws-alerts: Checking more than four warning/county codes can delay the loading of your pages. You should use a cron job to get the data.


Report for 2020 October
                   MONTHLY CLIMATOLOGICAL SUMMARY for Oct 2020


NAME: Ellijay                  
ELEV: 1480 feet    LAT: 34-38.16 N    LONG: 084-27.00 W


                   TEMPERATURE (F), RAIN (in), WIND SPEED (mph)

                                         HEAT   COOL         AVG
      MEAN                               DEG    DEG          WIND                   DOM
DAY   TEMP   HIGH   TIME    LOW   TIME   DAYS   DAYS   RAIN  SPEED   HIGH   TIME    DIR
---------------------------------------------------------------------------------------
 01   56.7   71.4  15:23   46.2  07:41    8.3    0.0   0.00    0.0    0.0  00:00    N/A
 02   51.3   64.1  14:58   40.2  07:49   13.7    0.0   0.00    0.0    0.0  00:00    N/A
 03   52.2   66.9  15:12   40.0  07:52   12.8    0.0   0.00    0.0    0.0  00:00    N/A
 04   54.3   68.1  15:18   42.3  08:04   10.7    0.0   0.00    0.0    0.0  00:00    N/A
 05   56.9   71.6  15:13   44.6  08:11    8.1    0.0   0.00    0.0    0.0  00:05    N/A
 06   59.2   73.9  14:57   48.4  06:11    5.8    0.0   0.00    0.0    0.0  00:00    N/A
 07   60.2   76.3  14:56   47.2  07:22    4.8    0.0   0.00    0.0    0.0  00:00    N/A
 08   62.9   80.2  14:45   49.2  08:04    2.1    0.0   0.00    0.0    0.0  00:00    N/A
 09   64.7   71.3  15:17   60.9  07:20    0.3    0.0   0.08    0.0    0.0  00:00    N/A
 10   66.6   71.1  14:28   61.2  00:00    0.0    1.6   0.22    0.0    0.0  00:00    N/A
 11   68.9   70.5  16:12   67.7  02:10    0.0    3.9   0.13    0.0    0.0  00:00    N/A
 12   68.9   73.9  15:58   66.0  20:23    0.0    3.9   0.01    0.0    0.0  00:00    N/A
 13   64.9   73.6  15:17   54.9  23:57    0.1    0.0   0.00    0.0    0.0  00:00    N/A
 14   58.7   75.3  15:10   44.6  07:54    6.3    0.0   0.00    0.0    0.0  00:00    N/A
 15   63.3   73.6  16:04   55.4  05:49    1.7    0.0   0.00    0.0    0.0  00:00    N/A
 16   56.9   66.0  15:09   42.0  23:45    8.1    0.0   0.00    0.0    0.0  00:00    N/A
 17   49.5   63.4  15:07   36.0  07:59   15.5    0.0   0.00    0.0    0.0  00:02    N/A
 18   56.8   67.7  15:08   47.9  08:24    8.2    0.0   0.00    0.0    0.0  00:00    N/A
 19   60.9   72.8  15:08   51.6  06:26    4.1    0.0   0.00    0.0    0.0  00:00    N/A
 20   62.0   76.7  15:35   52.4  08:37    3.0    0.0   0.00    0.0    0.0  00:00    N/A
 21   65.7   79.5  15:13   54.1  07:58    0.0    0.7   0.00    0.0    0.0  00:00    N/A
 22   63.9   77.6  14:13   51.9  07:59    1.1    0.0   0.00    0.0    0.0  00:00    N/A
 23   68.3   79.3  15:12   60.0  00:29    0.0    3.3   0.00    0.0    0.0  00:00    N/A
 24   65.5   73.3  14:58   59.2  03:59    0.0    0.5   0.38    0.0    0.0  00:00    N/A
 25   66.0   72.3  15:37   62.7  02:01    0.0    1.0   0.02    0.0    0.0  00:00    N/A
 26   66.2   72.6  16:00   62.3  08:03    0.0    1.2   0.00    0.0    0.0  00:00    N/A
 27   66.4   76.5  14:56   57.4  08:20    0.0    1.4   0.00    0.0    0.0  00:00    N/A
 28   68.3   71.4  00:00   65.0  00:00    0.0    3.3   1.82    0.0    0.0  00:00    N/A
 29   71.1   72.8  00:33   69.8  04:29    0.0    6.1   1.44    0.0    0.0  00:00    N/A
 30
 31
---------------------------------------------------------------------------------------
      61.7   80.2     08   36.0     17  114.7   26.9   4.10    0.0    0.0     01    N/A