nws-alerts: Checking more than four warning/county codes can delay the loading of your pages. You should use a cron job to get the data.


Report for 2020 August
                   MONTHLY CLIMATOLOGICAL SUMMARY for Aug 2020


NAME: Ellijay                  
ELEV: 1480 feet    LAT: 34-38.16 N    LONG: 084-27.00 W


                   TEMPERATURE (F), RAIN (in), WIND SPEED (mph)

                                         HEAT   COOL         AVG
      MEAN                               DEG    DEG          WIND                   DOM
DAY   TEMP   HIGH   TIME    LOW   TIME   DAYS   DAYS   RAIN  SPEED   HIGH   TIME    DIR
---------------------------------------------------------------------------------------
 01   76.1   85.3  16:48   69.3  07:16    0.0   11.1   0.01    0.1    6.0  12:06     86
 02   74.9   84.5  13:21   67.9  04:06    0.0    9.9   0.00    0.1    8.0  15:09    353
 03   72.7   82.4  13:54   69.1  23:35    0.0    7.7   0.27    0.1    7.0  12:39    342
 04   72.0   83.8  15:22   65.6  06:38    0.0    7.0   0.03    0.1   16.0  16:23    339
 05   74.0   85.7  12:46   64.7  07:09    0.0    9.0   0.00    0.0    4.0  11:52     28
 06   75.6   86.0  15:06   69.0  06:33    0.0   10.6   0.00    0.0    5.0  10:53    346
 07   75.8   85.7  14:41   69.1  07:30    0.0   10.8   0.01    0.1    7.0  14:49    343
 08   75.8   87.8  15:22   66.5  07:10    0.0   10.8   0.00    0.1    6.0  18:24    347
 09   76.5   88.9  15:37   66.0  06:55    0.0   11.5   0.00    0.1    6.0  13:16    350
 10   73.7   86.2  13:33   69.5  07:35    0.0    8.7   0.26    0.1   16.0  13:56    312
 11   76.3   87.3  14:53   69.7  05:39    0.0   11.3   0.00    0.1    6.0  12:38    335
 12   76.3   89.0  13:23   68.0  07:18    0.0   11.3   0.00    0.1   13.0  14:24    332
 13   76.9   88.0  15:56   68.7  07:11    0.0   11.9   0.00    0.1   10.0  19:10    330
 14   74.6   84.1  13:12   70.5  03:32    0.0    9.6   0.20    0.0    8.0  18:59    335
 15   74.4   81.4  15:39   70.6  23:56    0.0    9.4   0.85    0.1    7.0  18:01    336
 16   74.6   85.4  15:03   65.1  07:08    0.0    9.6   0.00    0.2   10.0  11:33    333
 17   73.1   83.7  13:07   65.1  23:57    0.0    8.1   0.05    0.1   10.0  14:10    331
 18   70.9   84.0  16:21   59.6  06:51    0.0    5.9   0.00    0.0    5.0  14:41     58
 19   70.0   81.1  11:38   64.2  07:27    0.0    5.0   0.08    0.1   10.0  16:25    332
 20   69.6   79.2  13:33   63.0  07:26    0.0    4.6   0.53    0.1    6.0  16:18     93
 21   70.3   76.3  16:15   66.7  00:46    0.0    5.3   0.05    0.0    6.0  15:30    329
 22   72.0   81.0  16:09   65.5  02:05    0.0    7.0   1.05    0.0    5.0  13:37     52
 23   73.2   81.2  16:18   68.4  02:45    0.0    8.2   0.16    0.0    5.0  16:33    340
 24   74.1   82.5  15:45   68.5  04:53    0.0    9.1   0.03    0.0    5.0  13:53    333
 25   73.8   76.2  16:49   71.9  06:53    0.0    8.8   0.41    0.0    2.0  09:17    270
 26   74.7   85.3  14:24   69.6  07:20    0.0    9.7   0.50    0.0    5.0  13:23    353
 27   76.0   84.7  14:00   68.5  07:28    0.0   11.0   0.00    0.0    3.0  12:49     56
 28   75.9   81.7  15:34   73.7  05:13    0.0   10.9   0.07    0.0    6.0  11:25     49
 29   75.8   82.8  16:32   72.1  23:58    0.0   10.8   0.08    0.2    8.0  09:16      9
 30   76.2   85.7  13:46   71.2  01:12    0.0   11.2   0.05    0.0    6.0  13:18     16
 31   74.7   82.9  16:04   70.3  03:50    0.0    9.7   0.00    0.0    5.0  13:33    348
---------------------------------------------------------------------------------------
      74.2   89.0     12   59.6     18    0.0  285.8   4.69    0.1   16.0     04    347