nws-alerts: Checking more than four warning/county codes can delay the loading of your pages. You should use a cron job to get the data.


Report for 2020 July
                   MONTHLY CLIMATOLOGICAL SUMMARY for Jul 2020


NAME: Ellijay                  
ELEV: 1480 feet    LAT: 34-38.16 N    LONG: 084-27.00 W


                   TEMPERATURE (F), RAIN (in), WIND SPEED (mph)

                                         HEAT   COOL         AVG
      MEAN                               DEG    DEG          WIND                   DOM
DAY   TEMP   HIGH   TIME    LOW   TIME   DAYS   DAYS   RAIN  SPEED   HIGH   TIME    DIR
---------------------------------------------------------------------------------------
 01   71.5   79.7  16:48   67.3  07:32    0.0    6.5   0.05    0.1    9.0  16:22    351
 02   73.4   86.6  12:43   65.5  06:23    0.0    8.4   0.35    0.1    7.0  10:54    328
 03   75.6   86.3  13:10   69.1  02:54    0.0   10.6   0.00    0.1    6.0  14:57    340
 04   75.2   83.7  16:18   70.8  09:26    0.0   10.2   0.23    0.0    4.0  02:07    345
 05   77.4   88.1  14:46   67.9  06:52    0.0   12.4   0.00    0.1    5.0  13:13    109
 06   73.7   82.4  15:14   66.5  06:45    0.0    8.7   0.04    0.1    6.0  10:55    265
 07   74.1   84.4  15:13   68.6  06:27    0.0    9.1   0.56    0.0    5.0  17:00      4
 08   75.8   86.5  13:58   68.5  05:26    0.0   10.8   0.68    0.1   10.0  21:34    352
 09   74.7   87.2  15:47   67.6  06:13    0.0    9.7   0.03    0.1    5.0  16:16      9
 10   77.4   90.2  15:07   67.0  06:55    0.0   12.4   0.00    0.1    6.0  13:39    348
 11   77.0   87.5  15:04   67.0  23:54    0.0   12.0   0.00    0.4   12.0  13:22    339
 12   70.7   82.4  13:43   61.7  06:42    0.0    5.7   0.00    0.1   13.0  13:47    357
 13   74.0   87.9  16:34   61.9  07:04    0.0    9.0   0.00    0.2    8.0  11:03    352
 14   75.5   88.9  17:52   63.4  06:41    0.0   10.5   0.00    0.1    4.0  10:46    340
 15   77.1   88.3  15:37   65.9  06:49    0.0   12.1   0.00    0.0    4.0  18:06     25
 16   79.3   89.7  15:19   69.2  06:35    0.0   14.3   0.00    0.0    5.0  15:12    141
 17   79.9   90.8  15:01   70.2  06:54    0.0   14.9   0.00    0.0    5.0  12:08    353
 18   80.4   92.4  15:18   70.5  06:55    0.0   15.4   0.00    0.1   10.0  12:34    334
 19   80.1   93.2  15:30   69.7  06:39    0.0   15.1   0.00    0.1    8.0  18:06    352
 20   80.3   92.9  15:22   70.4  06:57    0.0   15.3   0.00    0.1    8.0  15:41    328
 21   76.3   89.9  12:46   70.8  06:53    0.0   11.3   0.65    0.1   12.0  14:50     90
 22   75.5   88.7  15:18   68.3  05:42    0.0   10.5   0.00    0.1    9.0  16:52    359
 23   77.4   88.2  16:48   69.1  06:35    0.0   12.4   0.07    0.0    4.0  10:39    351
 24   75.7   86.8  16:12   68.0  06:54    0.0   10.7   0.00    0.0    5.0  14:23    340
 25   74.7   88.3  17:23   68.0  07:12    0.0    9.7   0.05    0.1    6.0  17:08    343
 26   74.0   88.7  15:17   64.8  07:08    0.0    9.0   1.30    0.1   12.0  16:41    347
 27   76.2   89.8  15:16   67.1  07:02    0.0   11.2   0.00    0.1    8.0  16:13    352
 28   76.8   89.3  14:54   67.9  07:05    0.0   11.8   0.00    0.1    5.0  14:14      3
 29   76.1   84.9  16:08   70.9  03:04    0.0   11.1   0.38    0.0    5.0  12:21    355
 30   75.2   80.2  18:01   71.9  04:51    0.0   10.2   2.18    0.0    4.0  00:34    343
 31   77.9   87.0  14:43   72.4  23:56    0.0   12.9   0.14    0.1    8.0  13:50     14
---------------------------------------------------------------------------------------
      76.1   93.2     19   61.7     12    0.0  343.7   6.71    0.1   13.0     12    350