nws-alerts: Checking more than four warning/county codes can delay the loading of your pages. You should use a cron job to get the data.


Report for 2020
                     CLIMATOLOGICAL SUMMARY for year 2020


NAME: Ellijay                  
ELEV: 1480 feet    LAT: 34-38.16 N    LONG: 084-27.00 W


                                       TEMPERATURE (F)

                              HEAT    COOL                              MAX    MAX    MIN    MIN
          MEAN   MEAN         DEG     DEG                                >=     <=     <=     <=
 YR  MO   MAX    MIN    MEAN  DAYS    DAYS      HI  DAY     LOW  DAY     90     32     32      0
------------------------------------------------------------------------------------------------
2020 01   52.8   36.1   44.1  638.7    0.0    67.5   11    15.8   22      0      0     14      0
2020 02   54.6   36.1   44.9  584.2    0.0    72.7   03    23.2   15      0      0     14      0
2020 03   64.7   47.7   56.0  288.1    7.6    82.9   27    24.3   01      0      0      3      0
2020 04   68.9   43.8   56.6  254.5    1.5    81.8   06    29.8   16      0      0      2      0
2020 05   74.4   53.2   63.3  125.9   74.0    87.0   24    31.6   10      0      0      1      0
2020 06   82.0   62.9   71.0    5.5  184.1    88.0   07    53.7   16      0      0      0      0
2020 07   87.4   68.0   76.1    0.0  343.7    93.2   19    61.7   12      5      0      0      0
2020 08   83.9   68.0   74.2    0.0  285.8    89.0   12    59.6   18      0      0      0      0
2020 09   77.2   60.4   68.0   46.5  136.6    86.8   04    41.8   30      0      0      0      0
2020 10   71.0   50.3   59.8  118.5    9.4    80.2   08    36.0   17      0      0      0      0
2020 11
2020 12
------------------------------------------------------------------------------------------------
          71.8   52.8   61.6 2061.8 1042.6    93.2  Jul    15.8  Jan      5      0     34      0


                  PRECIPITATION (in)

                  MAX         ---DAYS OF RAIN---
                  OBS.               OVER
 YR  MO  TOTAL    DAY  DATE   0.01   0.10   1.00
------------------------------------------------
2020 01   6.72   1.64    02     16     13      2
2020 02  11.20   3.48    06     18     10      4
2020 03   7.73   1.80    24     19     13      2
2020 04   6.57   1.62    13     12      8      2
2020 05   3.40   0.71    17     12      7      0
2020 06   5.80   1.04    05     18     12      1
2020 07   6.71   2.18    30     14      9      2
2020 08   4.69   1.05    22     19      9      1
2020 09   3.97   1.05    17     12      9      1
2020 10   0.44   0.22    10      4      2      0
2020 11
2020 12
------------------------------------------------
         57.23   3.48   Feb    144     92     15


           WIND SPEED (mph)

                                DOM
 YR  MO    AVG     HI   DATE    DIR
-----------------------------------
2020 01    0.4   18.0     04     41 
2020 02    0.4   17.0     29    340 
2020 03    0.4   22.0     06     44 
2020 04    0.4   25.0     10    345 
2020 05    0.2   16.0     06    358 
2020 06    0.1   20.0     30      0 
2020 07    0.1   13.0     12    350 
2020 08    0.1   16.0     04    347 
2020 09    0.1   12.0     05      2 
2020 10    0.0    0.0     01    N/A 
2020 11
2020 12
-----------------------------------
           0.2   25.0    Apr    359