nws-alerts: Checking more than four warning/county codes can delay the loading of your pages. You should use a cron job to get the data.


Report for 2019 September
                   MONTHLY CLIMATOLOGICAL SUMMARY for Sep 2019


NAME: Ellijay, GA                  
ELEV: 1480 feet    LAT: 34-38.16 N    LONG: 084-27.00 W


                   TEMPERATURE (°F), RAIN (in), WIND SPEED (mph)

                                         HEAT   COOL         AVG
      MEAN                               DEG    DEG          WIND                   DOM
DAY   TEMP   HIGH   TIME    LOW   TIME   DAYS   DAYS   RAIN  SPEED   HIGH   TIME    DIR
---------------------------------------------------------------------------------------
 01   71.4   84.3  14:56   59.8  07:11    0.0    6.4   0.00    0.0    6.0  11:47    124
 02   73.3   87.0  15:12   61.7  07:19    0.0    8.3   0.00    0.2   13.0  14:34    334
 03   74.3   89.2  15:29   63.0  07:55    0.0    9.3   0.00    0.1    5.0  14:55    342
 04   75.3   90.2  15:09   63.0  07:32    0.0   10.3   0.00    0.3   10.0  11:46    335
 05   74.8   87.4  14:34   64.5  05:54    0.0    9.8   0.00    0.3   11.0  11:08    337
 06   72.6   86.7  15:06   59.6  07:51    0.0    7.6   0.00    0.3   10.0  12:17    342
 07   72.7   88.0  16:19   62.0  05:10    0.0    7.7   0.00    0.3   11.0  13:24    345
 08   70.7   88.1  16:53   56.5  07:29    0.0    5.7   0.00    0.1    6.0  16:37    350
 09   73.3   90.9  15:18   59.2  06:54    0.0    8.3   0.00    0.1    5.0  12:45    323
 10   75.6   90.1  13:31   64.6  07:46    0.0   10.6   0.00    0.0    4.0  12:58    358
 11   76.0   90.4  15:17   65.5  07:05    0.0   11.0   0.00    0.0    5.0  14:36    347
 12   77.8   91.9  14:42   66.2  07:42    0.0   12.8   0.00    0.1    8.0  12:08    339
 13   77.7   94.7  15:13   65.7  07:32    0.0   12.7   0.00    0.2   10.0  15:15     70
 14   75.0   84.8  14:01   68.9  07:25    0.0   10.0   0.03    0.0    5.0  00:19    117
 15   74.7   88.8  17:13   64.9  07:31    0.0    9.7   0.00    0.1    9.0  13:12    333
 16   74.9   91.3  15:03   62.9  07:45    0.0    9.9   0.00    0.2    9.0  15:35    337
 17   75.0   92.3  15:08   62.2  07:29    0.0   10.0   0.00    0.2   10.0  14:11    340
 18   72.8   80.7  13:35   65.0  06:00    0.0    7.8   0.00    0.3    7.0  09:58    129
 19   70.6   77.1  16:11   62.8  23:57    0.0    5.6   0.00    0.2    8.0  10:58    128
 20   68.1   78.9  15:18   58.7  05:45    0.0    3.1   0.00    0.0    5.0  13:19    100
 21   67.4   83.6  16:11   53.6  07:43    0.0    2.4   0.00    0.0    6.0  12:39    349
 22   68.0   83.2  14:41   54.5  07:50    0.0    3.0   0.00    0.0    6.0  13:05    337
 23   70.0   86.9  15:00   54.2  08:03    0.0    5.0   0.00    0.1    8.0  14:43    348
 24   72.7   86.3  15:30   61.6  23:56    0.0    7.7   0.00    0.1   10.0  13:45    348
 25   68.7   87.5  15:08   53.8  07:34    0.0    3.7   0.00    0.1    8.0  13:22    356
 26   72.9   89.3  15:24   62.3  07:52    0.0    7.9   0.00    0.2   14.0  17:55    346
 27   73.1   89.4  13:55   62.5  07:16    0.0    8.1   0.03    0.1    8.0  17:53    339
 28   73.5   85.4  15:04   68.6  04:34    0.0    8.5   0.00    0.0    9.0  15:27    320
 29   75.6   88.6  15:08   66.7  07:46    0.0   10.6   0.00    0.0    4.0  13:57    334
 30   75.6   90.2  15:23   65.4  08:08    0.0   10.6   0.00    0.1    7.0  12:13    341
---------------------------------------------------------------------------------------
      73.1   94.7     13   53.6     21    0.0  244.1   0.06    0.1   14.0     26    350