nws-alerts: Checking more than four warning/county codes can delay the loading of your pages. You should use a cron job to get the data.


Report for 2019 July
                   MONTHLY CLIMATOLOGICAL SUMMARY for Jul 2019


NAME: Ellijay, GA                  
ELEV: 1480 feet    LAT: 34-38.16 N    LONG: 084-27.00 W


                   TEMPERATURE (°F), RAIN (in), WIND SPEED (mph)

                                         HEAT   COOL         AVG
      MEAN                               DEG    DEG          WIND                   DOM
DAY   TEMP   HIGH   TIME    LOW   TIME   DAYS   DAYS   RAIN  SPEED   HIGH   TIME    DIR
---------------------------------------------------------------------------------------
 01
 02
 03
 04
 05
 06   70.3   75.1  23:59   69.7  05:52    0.0    5.3   0.00    0.0    0.0  02:07     90
 07   77.3   89.3  16:00   69.1  06:57    0.0   12.3   0.33    0.1   11.0  18:56    350
 08   78.4   90.5  15:01   69.7  05:28    0.0   13.4   0.00    0.1    6.0  13:07    333
 09   79.4   88.9  17:30   69.2  06:54    0.0   14.4   0.00    0.1    6.0  12:07    132
 10   80.4   89.3  15:32   72.6  05:41    0.0   15.4   0.00    0.0    6.0  13:25     35
 11   77.4   87.6  15:46   70.7  21:49    0.0   12.4   0.80    0.0    6.0  18:28    356
 12   75.8   83.8  16:53   70.7  01:46    0.0   10.8   0.87    0.0    6.0  18:56    348
 13   75.6   86.5  14:14   70.7  07:07    0.0   10.6   0.03    0.1    7.0  16:53    359
 14   75.7   85.2  12:41   70.0  06:42    0.0   10.7   0.00    0.1   10.0  12:42    336
 15   76.0   87.8  12:22   64.8  06:48    0.0   11.0   0.00    0.0    4.0  10:13    341
 16   77.7   89.1  15:34   67.4  06:39    0.0   12.7   0.00    0.1    6.0  13:16     31
 17   73.9   84.9  12:07   68.5  05:44    0.0    8.9   0.29    0.1   11.0  13:17    349
 18   75.7   87.3  15:43   69.4  06:53    0.0   10.7   0.40    0.2   10.0  17:11    334
 19   75.4   88.3  14:43   69.0  06:23    0.0   10.4   0.09    0.1    8.0  15:26    348
 20   76.4   83.8  16:16   72.7  06:21    0.0   11.4   0.11    0.0    5.0  11:22     18
 21   75.8   85.1  16:52   69.9  04:07    0.0   10.8   0.00    0.0    4.0  13:08      1
 22   76.6   85.8  15:14   69.7  07:05    0.0   11.6   0.00    0.1    6.0  13:32     26
 23   72.2   76.9  13:11   64.0  23:57    0.0    7.2   0.84    0.6   15.0  17:31    335
 24   68.4   80.0  16:36   57.7  07:13    0.0    3.4   0.00    0.4   12.0  14:08    328
 25   68.5   80.8  12:27   57.5  06:51    0.0    3.5   0.00    0.0    4.0  10:45     20
 26   70.6   84.0  16:44   57.8  06:55    0.0    5.6   0.00    0.1    4.0  13:43    324
 27   72.8   86.0  16:01   60.3  06:59    0.0    7.8   0.00    0.0    5.0  15:50    331
 28   74.1   85.6  12:45   67.2  06:57    0.0    9.1   0.00    0.1    8.0  14:05    337
 29   73.6   86.2  12:57   63.8  07:10    0.0    8.6   0.00    0.0    6.0  12:53    319
 30   73.1   87.2  13:56   66.6  03:55    0.0    8.1   0.10    0.1   10.0  16:45    345
 31   73.8   86.0  14:44   64.7  06:52    0.0    8.8   0.03    0.0    5.0  17:43    341
---------------------------------------------------------------------------------------
      74.9   90.5     08   57.5     25    0.0  254.6   3.89    0.1   15.0     23    341