nws-alerts: Checking more than four warning/county codes can delay the loading of your pages. You should use a cron job to get the data.


Report for 2019 June
                   MONTHLY CLIMATOLOGICAL SUMMARY for Jun 2019


NAME: Ellijay, GA                  
ELEV: 1480 feet    LAT: 34-38.16 N    LONG: 084-27.00 W


                   TEMPERATURE (°F), RAIN (in), WIND SPEED (mph)

                                         HEAT   COOL         AVG
      MEAN                               DEG    DEG          WIND                   DOM
DAY   TEMP   HIGH   TIME    LOW   TIME   DAYS   DAYS   RAIN  SPEED   HIGH   TIME    DIR
---------------------------------------------------------------------------------------
 01   69.6   84.5  16:28   55.1  06:42    0.0    4.6   0.00    0.1    8.0  12:18    340
 02   69.3   85.4  15:53   57.0  06:48    0.0    4.3   0.07    0.1   10.0  13:42    342
 03   70.8   84.3  16:21   58.2  07:00    0.0    5.8   0.00    0.3    7.0  10:52    331
 04   69.6   80.1  15:46   57.6  06:24    0.0    4.6   0.00    0.2    7.0  11:18    121
 05   70.0   79.5  12:48   65.1  04:18    0.0    5.0   0.49    0.0    8.0  15:26    331
 06   69.1   74.1  16:27   67.4  05:10    0.0    4.1   0.13    0.0    5.0  16:11     29
 07   70.9   80.0  14:29   67.8  23:55    0.0    5.9   1.04    0.0    7.0  14:49     68
 08   68.9   71.5  17:38   66.9  00:51    0.0    3.9   0.68    0.1    5.0  14:19    132
 09   71.2   77.3  17:38   68.2  04:08    0.0    6.2   0.25    0.1    6.0  13:04    131
 10   72.5   80.0  17:33   68.5  01:15    0.0    7.5   0.38    0.1    8.0  14:48    327
 11   71.0   82.9  16:32   59.3  06:55    0.0    6.0   0.00    0.3    8.0  01:01    335
 12   68.1   74.2  15:40   64.0  06:15    0.0    3.1   0.01    0.5    7.0  10:16    125
 13   67.4   75.9  17:25   56.0  00:00    0.0    2.4   0.01    0.4   12.0  11:13    342
 14   61.3   78.7  17:39   47.0  06:51    3.7    0.0   0.00    0.1    4.0  11:55      2
 15   72.1   82.7  17:26   53.1  06:27    0.0    7.1   0.00    0.1    6.0  14:43     57
 16   74.1   86.2  14:59   62.1  06:54    0.0    9.1   0.00    0.1    9.0  12:23    356
 17   76.2   88.2  13:26   65.4  06:08    0.0   11.2   0.00    0.0    5.0  12:08    350
 18   72.2   77.8  13:27   69.1  06:25    0.0    7.2   0.53    0.0    7.0  14:31    332
 19   74.2   83.2  17:17   67.4  02:09    0.0    9.2   0.16    0.1    9.0  17:17    359
 20   74.1   80.1  16:40   69.7  23:56    0.0    9.1   0.03    0.1    7.0  10:19     16
 21   75.1   86.4  13:46   62.6  07:02    0.0   10.1   0.00    0.2    8.0  11:19    354
 22   73.6   86.1  16:06   64.2  06:33    0.0    8.6   1.20    0.2   22.0  00:46    349
 23   73.6   85.8  14:59   66.0  07:01    0.0    8.6   0.01    0.1    5.0  12:49    341
 24   73.4   83.5  13:17   67.0  06:41    0.0    8.4   0.36    0.1    9.0  16:52     70
 25   72.5   82.3  16:13   64.6  07:11    0.0    7.5   0.01    0.1    7.0  14:05    343
 26   72.7   85.6  14:00   62.3  06:53    0.0    7.7   0.00    0.0    6.0  14:03    328
 27   75.5   88.4  14:06   65.9  06:32    0.0   10.5   0.00    0.1    7.0  14:17    105
 28   76.3   86.9  14:19   64.6  06:50    0.0   11.3   0.00    0.1    5.0  10:57    129
 29   67.0   70.5  00:00   64.9  06:05    0.0    2.0   0.00    0.0    0.0  00:00     90
 30
---------------------------------------------------------------------------------------
      71.8   88.4     27   47.0     14    3.7  190.9   5.36    0.1   22.0     22     19