nws-alerts: Checking more than four warning/county codes can delay the loading of your pages. You should use a cron job to get the data.


Report for 2019 April
                   MONTHLY CLIMATOLOGICAL SUMMARY for Apr 2019


NAME: Ellijay, GA                  
ELEV: 1480 feet    LAT: 34-38.16 N    LONG: 084-27.00 W


                   TEMPERATURE (F), RAIN (in), WIND SPEED (mph)

                                         HEAT   COOL         AVG
      MEAN                               DEG    DEG          WIND                   DOM
DAY   TEMP   HIGH   TIME    LOW   TIME   DAYS   DAYS   RAIN  SPEED   HIGH   TIME    DIR
---------------------------------------------------------------------------------------
 01   45.0   59.1  15:34   28.1  07:38   20.0    0.0   0.00    0.3   10.0  13:18     92
 02   49.9   59.8  15:40   38.9  23:59   15.1    0.0   0.00    0.3   11.0  15:15    339
 03   51.0   71.5  16:36   30.8  06:59   14.0    0.0   0.00    0.2   10.0  11:48    322
 04   55.6   70.3  14:08   38.1  07:27    9.4    0.0   0.03    0.4   12.0  15:36    126
 05   58.0   68.1  17:57   51.7  01:42    7.0    0.0   0.73    0.1   12.0  00:01    122
 06   62.3   74.3  16:15   51.7  01:17    2.7    0.0   0.00    0.1    7.0  16:18    128
 07   66.6   77.2  14:59   57.8  01:01    0.0    1.6   0.25    0.0    6.0  14:30    114
 08   65.5   72.4  10:55   58.5  03:51    0.0    0.5   0.54    0.1    9.0  10:01    113
 09   64.4   78.9  14:49   55.5  23:58    0.6    0.0   0.52    0.2   13.0  15:02    323
 10   64.0   81.3  14:28   47.7  07:05    1.0    0.0   0.00    0.1    6.0  15:15    351
 11   67.1   79.3  16:36   52.2  07:28    0.0    2.1   0.00    0.5   14.0  14:13    127
 12   69.6   77.0  16:00   62.6  23:59    0.0    4.6   0.36    0.1    6.0  11:42     86
 13   65.8   77.6  15:55   58.2  06:14    0.0    0.8   0.02    0.2    9.0  23:01    120
 14   68.5   75.2  15:47   52.2  00:00    0.0    3.5   0.43    0.0   15.0  23:40    307
 15   51.3   61.8  17:13   42.2  07:16   13.7    0.0   0.01    1.1   19.0  16:00    317
 16   56.6   76.1  15:10   36.4  06:58    8.4    0.0   0.00    0.1    7.0  15:42     96
 17   62.2   79.0  16:13   44.4  06:35    2.8    0.0   0.00    0.1    5.0  12:33     75
 18   69.1   77.1  15:49   57.7  07:15    0.0    4.1   0.00    0.3    9.0  15:22    124
 19   58.4   69.7  00:01   44.0  23:59    6.6    0.0   3.66    0.3   16.0  04:23    110
 20   43.3   46.4  15:20   40.6  07:07   21.7    0.0   0.26    0.1    9.0  17:14    341
 21   53.3   67.7  16:47   41.9  07:23   11.7    0.0   0.01    0.4   14.0  13:57    324
 22   58.7   79.1  15:20   39.2  06:28    6.3    0.0   0.00    0.2    8.0  15:46    327
 23   63.2   79.8  15:47   45.9  07:22    1.8    0.0   0.00    0.2    9.0  14:46    347
 24   65.4   79.9  16:57   51.6  07:31    0.0    0.4   0.00    0.2    9.0  14:56    356
 25   63.7   74.4  16:08   55.3  04:43    1.3    0.0   0.00    0.1   10.0  19:46    101
 26   62.8   69.9  17:07   52.2  23:47    2.2    0.0   0.02    0.5   18.0  13:31    317
 27   59.6   74.9  17:12   42.0  07:16    5.4    0.0   0.00    0.2    8.0  16:59    343
 28   65.3   78.8  16:50   54.1  02:27    0.0    0.3   0.00    0.2   12.0  14:03    349
 29   67.6   81.1  16:40   53.2  06:33    0.0    2.6   0.00    0.3    7.0  09:37    118
 30   70.2   83.0  16:15   56.4  07:14    0.0    5.2   0.00    0.1    6.0  12:51     85
---------------------------------------------------------------------------------------
      60.8   83.0     30   28.1     01  151.8   25.9   6.84    0.2   19.0     15     21