nws-alerts: Checking more than four warning/county codes can delay the loading of your pages. You should use a cron job to get the data.


Report for 2019
                     CLIMATOLOGICAL SUMMARY for year 2019


NAME: Ellijay, GA                  
ELEV: 1480 feet    LAT: 34-38.16 N    LONG: 084-27.00 W


                                       TEMPERATURE (°F)

                              HEAT    COOL                              MAX    MAX    MIN    MIN
          MEAN   MEAN         DEG     DEG                                >=     <=     <=     <=
 YR  MO   MAX    MIN    MEAN  DAYS    DAYS      HI  DAY     LOW  DAY     90     32     32      0
------------------------------------------------------------------------------------------------
2019 01   49.6   31.4   40.0  776.2    0.0    64.6   07    15.6   30      0      0     17      0
2019 02   57.8   41.9   49.8  434.0    2.2    76.4   07    26.3   01      0      0      4      0
2019 03   60.2   38.1   49.0  496.5    0.0    74.0   30    22.0   07      0      0     10      0
2019 04   73.4   48.0   60.8  151.8   25.9    83.0   30    28.1   01      0      0      2      0
2019 05   81.4   59.2   69.8   22.5  171.4    89.9   26    42.9   15      0      0      0      0
2019 06   81.5   63.0   71.8    3.7  190.9    88.4   27    47.0   14      0      0      0      0
2019 07   85.4   67.1   74.9    0.0  254.6    90.5   08    57.5   25      1      0      0      0
2019 08   86.4   65.9   74.6    0.0  298.1    94.3   13    54.5   30      7      0      0      0
2019 09   87.4   62.0   73.1    0.0  244.1    94.7   13    53.6   21      9      0      0      0
2019 10   73.1   53.1   62.5  131.7   55.4    92.9   03    34.4   18      3      0      0      0
2019 11   56.5   32.9   43.6  322.0    0.0    70.3   06    17.1   13      0      0      7      0
2019 12
------------------------------------------------------------------------------------------------
          72.7   51.8   61.6 2338.5 1242.5    94.7  Sep    15.6  Jan     20      0     40      0


                  PRECIPITATION (in)

                  MAX         ---DAYS OF RAIN---
                  OBS.               OVER
 YR  MO  TOTAL    DAY  DATE   0.01   0.10   1.00
------------------------------------------------
2019 01   5.86   1.35    23     14      8      3
2019 02  10.29   1.56    20     19     14      6
2019 03   5.67   1.24    03     12     10      2
2019 04   6.84   3.66    19     13      8      1
2019 05   2.93   0.64    11     12      7      0
2019 06   5.36   1.20    22     16     10      2
2019 07   3.89   0.87    12     11      8      0
2019 08   3.06   0.59    13     12      8      0
2019 09   0.06   0.03    14      2      0      0
2019 10   6.38   2.30    19     12      5      2
2019 11   1.19   0.49    12      5      3      0
2019 12
------------------------------------------------
         51.53   3.66   Apr    128     81     16


           WIND SPEED (mph)

                                DOM
 YR  MO    AVG     HI   DATE    DIR
-----------------------------------
2019 01    0.4   22.0     20    345 
2019 02    0.3   23.0     24    110 
2019 03    0.3   20.0     18    326 
2019 04    0.2   19.0     15     21 
2019 05    0.1   14.0     14      1 
2019 06    0.1   22.0     22     19 
2019 07    0.1   15.0     23    341 
2019 08    0.1   19.0     13    355 
2019 09    0.1   14.0     26    350 
2019 10    0.2   17.0     05     93 
2019 11    0.3   22.0     12    334 
2019 12
-----------------------------------
           0.2   23.0    Feb    356