nws-alerts: Checking more than four warning/county codes can delay the loading of your pages. You should use a cron job to get the data.


Report for 2018 August
                   MONTHLY CLIMATOLOGICAL SUMMARY for Aug 2018


NAME: Ellijay, GA                  
ELEV: 1480 feet    LAT: 34-38.16 N    LONG: 084-27.00 W


                   TEMPERATURE (F), RAIN (in), WIND SPEED (mph)

                                         HEAT   COOL         AVG
      MEAN                               DEG    DEG          WIND                   DOM
DAY   TEMP   HIGH   TIME    LOW   TIME   DAYS   DAYS   RAIN  SPEED   HIGH   TIME    DIR
---------------------------------------------------------------------------------------
 01   68.7   72.0  11:49   67.7  23:59    0.0    3.7   0.99    0.0    4.0  12:03    345
 02   69.7   72.7  17:24   67.3  02:12    0.0    4.7   0.44    0.0    0.0  00:01    N/A
 03   72.7   81.1  16:34   68.1  04:14    0.0    7.7   0.08    0.1    6.0  16:24    345
 04   74.2   83.3  16:49   65.5  06:56    0.0    9.2   0.02    0.0    4.0  13:54    350
 05   75.9   85.4  14:53   68.8  05:51    0.0   10.9   0.01    0.1    6.0  13:04    325
 06   77.0   88.6  13:50   67.6  07:07    0.0   12.0   0.01    0.1    8.0  11:38    339
 07   77.1   87.7  13:25   67.9  07:03    0.0   12.1   0.00    0.1    6.0  13:07    340
 08   74.3   86.5  14:35   68.8  06:54    0.0    9.3   0.01    0.1   13.0  16:42      0
 09   71.4   84.5  15:24   65.3  07:12    0.0    6.4   0.73    0.1   14.0  16:36    338
 10   72.4   81.3  17:47   67.0  05:13    0.0    7.4   0.03    0.0    6.0  16:56    345
 11   73.6   83.9  16:24   67.4  06:06    0.0    8.6   0.00    0.2   10.0  16:37    333
 12   73.7   85.1  15:14   65.0  07:11    0.0    8.7   0.00    0.1    8.0  15:16    338
 13   72.0   84.0  13:55   61.6  07:05    0.0    7.0   0.00    0.2   10.0  15:56    337
 14   71.3   83.1  15:57   60.6  07:10    0.0    6.3   0.00    0.1    7.0  16:58    352
 15   72.3   84.5  14:35   61.4  06:37    0.0    7.3   0.00    0.0    4.0  14:23    341
 16   74.9   85.6  14:31   64.7  06:58    0.0    9.9   0.00    0.0    5.0  12:56      8
 17   75.3   83.8  15:55   70.5  03:13    0.0   10.3   0.11    0.1    8.0  23:34    347
 18   73.3   78.1  13:48   70.5  02:11    0.0    8.3   0.36    0.1    8.0  16:15    351
 19   75.0   81.6  15:13   71.5  23:13    0.0   10.0   0.19    0.0    7.0  14:03      9
 20   73.9   79.8  17:16   70.8  09:33    0.0    8.9   0.03    0.0    3.0  09:21     27
 21   73.7   80.0  17:01   69.6  23:59    0.0    8.7   0.10    0.1    8.0  17:15    351
 22   71.0   79.0  15:33   65.1  04:37    0.0    6.0   0.00    0.2    8.0  13:06    337
 23   68.9   79.3  14:44   59.1  07:38    0.0    3.9   0.00    0.0    5.0  11:37    322
 24   67.4   77.2  15:52   57.4  07:09    0.0    2.4   0.00    0.1    7.0  12:20    127
 25   70.5   81.4  14:58   62.0  04:29    0.0    5.5   0.00    0.0    5.0  14:06    341
 26   72.0   83.6  15:55   61.4  07:37    0.0    7.0   0.00    0.1    6.0  14:20    313
 27   73.6   84.9  17:10   64.1  07:22    0.0    8.6   0.01    0.0    3.0  13:13    318
 28   74.7   85.8  16:16   65.8  07:11    0.0    9.7   0.00    0.0    5.0  15:32    328
 29   74.1   85.8  15:16   66.8  07:12    0.0    9.1   0.09    0.1    6.0  12:15    342
 30   74.9   85.8  15:39   66.4  07:39    0.0    9.9   0.01    0.0    5.0  14:18    328
 31   73.5   82.9  16:52   66.9  06:26    0.0    8.5   0.00    0.0    5.0  14:32      2
---------------------------------------------------------------------------------------
      73.0   88.6     06   57.4     24    0.0  248.3   3.22    0.1   14.0     09    341