nws-alerts: Checking more than four warning/county codes can delay the loading of your pages. You should use a cron job to get the data.


Report for 2017 September
                   MONTHLY CLIMATOLOGICAL SUMMARY for Sep 2017


NAME: Ellijay, GA                  
ELEV: 1480 feet    LAT: 34-38.16 N    LONG: 084-27.00 W


                   TEMPERATURE (F), RAIN (in), WIND SPEED (mph)

                                         HEAT   COOL         AVG
      MEAN                               DEG    DEG          WIND                   DOM
DAY   TEMP   HIGH   TIME    LOW   TIME   DAYS   DAYS   RAIN  SPEED   HIGH   TIME    DIR
---------------------------------------------------------------------------------------
 01   70.7   75.1  13:22   61.8  23:23    0.0    5.7   0.38    0.5   12.0  04:47    108
 02   65.0   74.1  14:57   58.8  07:45    0.0    0.0   0.00    0.1    9.0  12:44    328
 03   62.9   76.9  16:16   49.7  07:28    2.1    0.0   0.00    0.1    7.0  11:26    336
 04   65.8   79.5  14:58   53.1  07:32    0.0    0.8   0.00    0.0    6.0  14:25    322
 05   67.4   82.5  15:25   58.2  07:04    0.0    2.4   1.84    0.1    8.0  17:57    331
 06   62.2   69.9  14:31   51.8  23:57    2.8    0.0   0.56    0.2   11.0  15:11    322
 07   56.6   70.0  15:53   44.7  07:04    8.4    0.0   0.00    0.1    6.0  14:05    329
 08   59.7   73.5  15:55   45.3  07:05    5.3    0.0   0.00    0.0    4.0  10:50    322
 09   62.2   75.4  15:10   50.5  07:32    2.8    0.0   0.00    0.0    5.0  10:45     53
 10   60.0   70.1  14:34   50.8  07:40    5.0    0.0   0.00    0.1    7.0  12:29    142
 11   56.4   63.9  23:58   52.5  07:51    8.6    0.0   1.98    0.4   17.0  16:49    314
 12   61.3   64.9  01:04   59.3  08:08    3.7    0.0   0.16    0.3    9.0  00:21    127
 13   62.2   66.0  13:10   59.5  07:39    2.8    0.0   0.01    0.1    7.0  11:07    111
 14   64.7   72.5  15:16   59.9  00:27    0.3    0.0   0.07    0.0    6.0  12:41    334
 15   65.0   78.8  15:47   54.7  07:34    0.0    0.0   0.00    0.0    7.0  15:05    313
 16   68.2   81.3  15:43   57.7  07:17    0.0    3.2   0.00    0.0    6.0  14:40    324
 17   68.5   82.1  14:21   58.3  07:46    0.0    3.5   0.00    0.1    7.0  14:51    313
 18   67.3   81.7  14:14   55.8  07:41    0.0    2.3   0.00    0.0    6.0  13:53    318
 19   69.1   82.7  14:55   58.1  07:30    0.0    4.1   0.00    0.0    5.0  14:31    324
 20   70.4   84.1  15:23   60.2  07:50    0.0    5.4   0.02    0.1    8.0  13:47    326
 21   70.6   85.1  15:26   59.6  07:47    0.0    5.6   0.00    0.1    6.0  12:16    321
 22   71.0   83.4  13:34   61.0  07:47    0.0    6.0   0.00    0.0    5.0  13:36    319
 23   69.5   82.0  14:24   62.4  23:58    0.0    4.5   0.09    0.0    6.0  16:23    341
 24   68.1   80.9  15:17   58.3  08:10    0.0    3.1   0.00    0.0    5.0  11:53    139
 25   68.7   81.5  16:31   58.9  07:57    0.0    3.7   0.00    0.0    5.0  15:57    330
 26   68.7   82.4  16:23   57.2  07:05    0.0    3.7   0.00    0.1    8.0  17:22    321
 27   69.9   84.6  14:26   58.9  07:25    0.0    4.9   0.00    0.1    9.0  15:37    325
 28   71.4   85.6  15:43   59.8  07:35    0.0    6.4   0.00    0.1    7.0  14:05    314
 29   70.2   82.1  15:08   60.1  07:42    0.0    5.2   0.00    0.1   13.0  16:54    328
 30   66.8   77.7  16:46   58.5  08:01    0.0    1.8   0.00    0.0    7.0  12:10     59
---------------------------------------------------------------------------------------
      66.0   85.6     28   44.7     07   41.8   72.3   5.11    0.1   17.0     11    352